{"id":81,"date":"2016-04-02T06:47:58","date_gmt":"2016-04-02T05:47:58","guid":{"rendered":"http:\/\/localhost\/?page_id=81"},"modified":"2025-03-18T21:20:26","modified_gmt":"2025-03-18T20:20:26","slug":"sante","status":"publish","type":"page","link":"http:\/\/commune-loffre.fr\/index.php\/economie-sante\/sante\/","title":{"rendered":"Sant\u00e9"},"content":{"rendered":"<div class=\"wpb-content-wrapper\"><p>[vc_row full_height=\u00a0\u00bbyes\u00a0\u00bb columns_placement=\u00a0\u00bbtop\u00a0\u00bb equal_height=\u00a0\u00bbyes\u00a0\u00bb][vc_column width=\u00a0\u00bb1\/5&Prime;][vc_icon icon_fontawesome=\u00a0\u00bbfas fa-flask\u00a0\u00bb color=\u00a0\u00bborange\u00a0\u00bb size=\u00a0\u00bblg\u00a0\u00bb align=\u00a0\u00bbcenter\u00a0\u00bb][vc_custom_heading text=\u00a0\u00bbLaboratoire\u00a0\u00bb font_container=\u00a0\u00bbtag:h4|text_align:center\u00a0\u00bb use_theme_fonts=\u00a0\u00bbyes\u00a0\u00bb][vc_column_text]<\/p>\n<p style=\"text-align: center;\">eurofins<br \/>\n4C rue Simone Veil<br \/>\nMontigny en O.<br \/>\n<strong>03 62 85 97 60<\/strong><\/p>\n<p>[\/vc_column_text][\/vc_column][vc_column width=\u00a0\u00bb1\/5&Prime;][vc_icon type=\u00a0\u00bbtypicons\u00a0\u00bb icon_typicons=\u00a0\u00bbtypcn typcn-plus-outline\u00a0\u00bb color=\u00a0\u00bbvista_blue\u00a0\u00bb size=\u00a0\u00bblg\u00a0\u00bb align=\u00a0\u00bbcenter\u00a0\u00bb][vc_custom_heading text=\u00a0\u00bbPharmacie\u00a0\u00bb font_container=\u00a0\u00bbtag:h4|text_align:center\u00a0\u00bb use_theme_fonts=\u00a0\u00bbyes\u00a0\u00bb][vc_column_text]<\/p>\n<p style=\"text-align: center;\">Pharmacie de Garde<br \/>\n<a href=\"http:\/\/www.servigardes.fr\/\">servigardes.fr\/<\/a><br \/>\nou par t\u00e9l<br \/>\n<strong>0825 74 20 30<\/strong><\/p>\n<p>[\/vc_column_text][\/vc_column][vc_column width=\u00a0\u00bb1\/5&Prime;][vc_icon icon_fontawesome=\u00a0\u00bbfa fa-heart\u00a0\u00bb color=\u00a0\u00bbjuicy_pink\u00a0\u00bb size=\u00a0\u00bblg\u00a0\u00bb align=\u00a0\u00bbcenter\u00a0\u00bb][vc_custom_heading text=\u00a0\u00bbMedecin\u00a0\u00bb font_container=\u00a0\u00bbtag:h4|text_align:center\u00a0\u00bb use_theme_fonts=\u00a0\u00bbyes\u00a0\u00bb][vc_column_text]<\/p>\n<p style=\"text-align: center;\">M\u00e9decin g\u00e9n\u00e9raliste<br \/>\n<a href=\"http:\/\/annuairesante.ameli.fr\/professionnels-de-sante\/recherche-1\/liste-resultats-page-1-par_page-20-tri-distance_asc-7d748159c07efb4339739966452b2da7.html\">ameli.fr<\/a><\/p>\n<p>[\/vc_column_text][\/vc_column][vc_column width=\u00a0\u00bb1\/5&Prime;][vc_icon icon_fontawesome=\u00a0\u00bbfa fa-medkit\u00a0\u00bb size=\u00a0\u00bblg\u00a0\u00bb align=\u00a0\u00bbcenter\u00a0\u00bb][vc_custom_heading text=\u00a0\u00bbParam\u00e9dicale\u00a0\u00bb font_container=\u00a0\u00bbtag:h4|text_align:center\u00a0\u00bb use_theme_fonts=\u00a0\u00bbyes\u00a0\u00bb][vc_column_text]<\/p>\n<p style=\"text-align: center;\">Infirmier<br \/>\nKin\u00e9sith\u00e9rapeute<br \/>\nOrthophoniste<br \/>\nSage Femme<br \/>\nP\u00e9dicure-podologue<br \/>\n&#8230;..\u00a0 <a href=\"http:\/\/annuairesante.ameli.fr\/professionnels-de-sante\/recherche-3\/liste-resultats-page-1-par_page-20-tri-distance_asc-7d748159c07efb4339739966452b2da7.html\">ameli.fr<\/a><\/p>\n<p>[\/vc_column_text][\/vc_column][vc_column width=\u00a0\u00bb1\/5&Prime;][vc_icon icon_fontawesome=\u00a0\u00bbfa fa-hospital-o\u00a0\u00bb color=\u00a0\u00bbviolet\u00a0\u00bb size=\u00a0\u00bblg\u00a0\u00bb align=\u00a0\u00bbcenter\u00a0\u00bb][vc_custom_heading text=\u00a0\u00bb\u00c9tablissement\u00a0\u00bb font_container=\u00a0\u00bbtag:h4|text_align:center\u00a0\u00bb use_theme_fonts=\u00a0\u00bbyes\u00a0\u00bb][vc_column_text]<\/p>\n<p style=\"text-align: center;\">Centre Hospitalier<br \/>\nClinique<br \/>\nInstitut<br \/>\n&#8230;.<a href=\"http:\/\/annuairesante.ameli.fr\/\"> ameli.fr<\/a><\/p>\n<p>[\/vc_column_text][\/vc_column][\/vc_row][vc_row][vc_column][vc_column_text]Il existe en mairie un registre des personnes vuln\u00e9rables et\/ou isol\u00e9es.<br \/>\nCe registre permet aux \u00e9lus de prendre contact avec ces personnes en cas de plan d\u2019alerte (canicule ou sanitaire).<br \/>\nNous pouvons ainsi nous assurer de la bonne sant\u00e9 des plus sensibles et leur rappeler les consignes d\u2019usage \u00e0 suivre pour vivre au mieux ces p\u00e9riodes difficiles.<br \/>\nSi vous vous sentez concern\u00e9s et que vous souhaitez un contact, n\u2019h\u00e9sitez pas \u00e0 t\u00e9l\u00e9phoner en mairie pour vous signaler.<br \/>\nToutefois, nous savons que nous pouvons compter sur chacune et chacun d\u2019entre vous pour se rapprocher de vos voisins qui pourraient \u00eatre souffrants ou vuln\u00e9rables et prendre de leurs nouvelles.<br \/>\nMerci \u00e0 vous.[\/vc_column_text][vc_column_text]<img loading=\"lazy\" decoding=\"async\" class=\"alignnone wp-image-7199\" src=\"http:\/\/commune-loffre.fr\/wp-content\/uploads\/2024\/06\/clic-300x172.png\" alt=\"\" width=\"153\" height=\"88\" srcset=\"http:\/\/commune-loffre.fr\/wp-content\/uploads\/2024\/06\/clic-300x172.png 300w, http:\/\/commune-loffre.fr\/wp-content\/uploads\/2024\/06\/clic.png 471w\" sizes=\"(max-width: 153px) 100vw, 153px\" \/>Afin de r\u00e9pondre \u00e0 toutes vos questions sur la perte d&rsquo;autonomie, les accompagnements possibles, les allocations dont vous pouvez b\u00e9n\u00e9ficier ou encore si vous \u00eates aidants familiaux et que vous cherchez des informations sp\u00e9cifiques, le CLIC du Douaisis vous guidera et vous accompagnera dans toutes vos d\u00e9marches.<\/p>\n<p><a href=\"https:\/\/urldefense.com\/v3\/__https:\/clic-douaisis.fr\/index.html__;!!HpidiyxDJkQGwDQo0g!PUM2frH8IM2E49bxZEt5H-8VNsnmu3YF8VPgJvE59Qc5QfQbNdQMZxgMHG060Q2HHlhXx-I8aR68kdQEVMI7GVEybNi1tXDj$\" target=\"_blank\" rel=\"noopener\">https:\/\/clic-douaisis.fr\/index.html<\/a><br \/>\nou par t\u00e9l\u00e9phone : 03 27 92 87 45[\/vc_column_text][\/vc_column][\/vc_row]<\/p>\n<\/div>","protected":false},"excerpt":{"rendered":"<p>[vc_row full_height=\u00a0\u00bbyes\u00a0\u00bb columns_placement=\u00a0\u00bbtop\u00a0\u00bb equal_height=\u00a0\u00bbyes\u00a0\u00bb][vc_column width=\u00a0\u00bb1\/5&Prime;][vc_icon icon_fontawesome=\u00a0\u00bbfas fa-flask\u00a0\u00bb color=\u00a0\u00bborange\u00a0\u00bb size=\u00a0\u00bblg\u00a0\u00bb align=\u00a0\u00bbcenter\u00a0\u00bb][vc_custom_heading text=\u00a0\u00bbLaboratoire\u00a0\u00bb font_container=\u00a0\u00bbtag:h4|text_align:center\u00a0\u00bb use_theme_fonts=\u00a0\u00bbyes\u00a0\u00bb][vc_column_text] eurofins 4C rue Simone Veil Montigny en O. 03 62 85 97 60 [\/vc_column_text][\/vc_column][vc_column width=\u00a0\u00bb1\/5&Prime;][vc_icon type=\u00a0\u00bbtypicons\u00a0\u00bb icon_typicons=\u00a0\u00bbtypcn&#8230; <a href=\"http:\/\/commune-loffre.fr\/index.php\/economie-sante\/sante\/\">Read more &raquo;<\/a><\/p>\n","protected":false},"author":1,"featured_media":0,"parent":40,"menu_order":0,"comment_status":"closed","ping_status":"closed","template":"page-templates\/full-width.php","meta":{"footnotes":""},"_links":{"self":[{"href":"http:\/\/commune-loffre.fr\/index.php\/wp-json\/wp\/v2\/pages\/81"}],"collection":[{"href":"http:\/\/commune-loffre.fr\/index.php\/wp-json\/wp\/v2\/pages"}],"about":[{"href":"http:\/\/commune-loffre.fr\/index.php\/wp-json\/wp\/v2\/types\/page"}],"author":[{"embeddable":true,"href":"http:\/\/commune-loffre.fr\/index.php\/wp-json\/wp\/v2\/users\/1"}],"replies":[{"embeddable":true,"href":"http:\/\/commune-loffre.fr\/index.php\/wp-json\/wp\/v2\/comments?post=81"}],"version-history":[{"count":19,"href":"http:\/\/commune-loffre.fr\/index.php\/wp-json\/wp\/v2\/pages\/81\/revisions"}],"predecessor-version":[{"id":7328,"href":"http:\/\/commune-loffre.fr\/index.php\/wp-json\/wp\/v2\/pages\/81\/revisions\/7328"}],"up":[{"embeddable":true,"href":"http:\/\/commune-loffre.fr\/index.php\/wp-json\/wp\/v2\/pages\/40"}],"wp:attachment":[{"href":"http:\/\/commune-loffre.fr\/index.php\/wp-json\/wp\/v2\/media?parent=81"}],"curies":[{"name":"wp","href":"https:\/\/api.w.org\/{rel}","templated":true}]}}