{"id":56,"date":"2016-04-02T06:28:25","date_gmt":"2016-04-02T05:28:25","guid":{"rendered":"http:\/\/localhost\/?page_id=56"},"modified":"2022-11-23T13:18:58","modified_gmt":"2022-11-23T12:18:58","slug":"infos-pratiques","status":"publish","type":"page","link":"http:\/\/commune-loffre.fr\/index.php\/vie-du-village\/infos-pratiques\/","title":{"rendered":"Bien Vivre Ensemble"},"content":{"rendered":"<div class=\"wpb-content-wrapper\"><p>[vc_row][vc_column][vc_column_text]<\/p>\n<h1>La collecte des d\u00e9chets m\u00e9nagers, recyclables et verts :<\/h1>\n<p>Ce service est assur\u00e9 par la Communaut\u00e9 de Coeur d&rsquo;Ostrevent. Un num\u00e9ro vert est disponible pour r\u00e9pondre \u00e0 toutes demandes de renseignements sur ce sujet (0800 585 854). ou t\u00e9l\u00e9charger le calendrier et les infos dans la rubrique <a href=\"http:\/\/commune-loffre.fr\/index.php\/infos-pratiques\/\">Infos Pratiques<\/a><\/p>\n<p><span style=\"color: #800000;\">Aucune collecte n&rsquo;est assur\u00e9e les jours f\u00e9ri\u00e9s.<\/span><\/p>\n<p><strong>Collecte des d\u00e9chets m\u00e9nagers et recyclables :<\/strong><\/p>\n<ul>\n<li><strong><span style=\"color: #333333;\">Les bacs gris<\/span><\/strong> utilis\u00e9s pour les d\u00e9chets m\u00e9nagers sont ramass\u00e9s chaque Mardi.<\/li>\n<li><strong><span style=\"color: #d6af13;\">Les bacs jaunes <\/span><\/strong>utilis\u00e9s pour les d\u00e9chets recyclables et <strong><span style=\"color: #339966;\">les bacs verts<\/span><\/strong> pour le verre sont ramass\u00e9s le mercredi, tous les quinze jours.<\/li>\n<\/ul>\n<p><strong><em>Collecte des d\u00e9chets verts :<\/em><\/strong><\/p>\n<p>Tonte de pelouse, feuilles mortes, mises en sacs ouverts et d&rsquo;un poids maximum de 10 kg, petits branchages (de &#8211; de 10 cm de diam\u00e8tre)\u00a0 mis en fagots d&rsquo;un m\u00e8tre maximum et li\u00e9s avec de la ficelle, sont ramass\u00e9s chaque Lundi \u00e0 partir du mois d&rsquo;avril jusqu&rsquo;au mois de Novembre. Attention, le vrac est interdit.[\/vc_column_text][\/vc_column][\/vc_row][vc_row][vc_column][vc_column_text]<\/p>\n<div class=\"wa-comp wa-text wa-bg-gradient param[grad(rgba(0,0,0,0)) border(0 #969696)] \">\n<div class=\"waCSStext5iftr45cutpp16a\">\n<p align=\"justify\"><strong>Trottoir et fil d&rsquo;eau :<\/strong><\/p>\n<p align=\"justify\">Le trottoir et le fil d&rsquo;eau doivent \u00eatre entretenus r\u00e9guli\u00e8rement par chaque riverain au droit de son habitation.<\/p>\n<p align=\"justify\">Lors d&rsquo;\u00e9pisodes neigeux, les riverains ont l&rsquo;obligation de d\u00e9neiger le trottoir au droit de leur habitation.<\/p>\n<p>&nbsp;<\/p>\n<p align=\"justify\"><strong>D\u00e9jections canines et animaux errants :<\/strong><\/p>\n<p align=\"justify\">Nous remercions les propri\u00e9taires de chien de bien vouloir ramasser les d\u00e9jections de leur animal se situant sur la voie publique.<\/p>\n<p align=\"justify\">En cas de n\u00e9cessit\u00e9, le num\u00e9ro de t\u00e9l\u00e9phone de la SDA (Soci\u00e9t\u00e9 de D\u00e9fense des Animaux) est le 03 27 78 62 56.<\/p>\n<p>&nbsp;<\/p>\n<p align=\"justify\"><strong>Les nuisances :<\/strong><\/p>\n<p align=\"justify\">Les bruits g\u00eanants sont interdits, \u00e0 fortiori la nuit.<\/p>\n<p align=\"justify\">Le br\u00fblage des d\u00e9chets verts est interdit.<\/p>\n<p>&nbsp;<\/p>\n<p align=\"justify\"><strong>Le stationnement :<\/strong><\/p>\n<p align=\"justify\">Dans la mesure du possible, il est recommand\u00e9 de stationner les v\u00e9hicules sur votre domaine priv\u00e9. A d\u00e9faut, sur le trottoir il est n\u00e9cessaire de laisser un passage pour un d\u00e9placement ais\u00e9, des pi\u00e8tons, des parents accompagn\u00e9s d&rsquo;une poussette et surtout pour les personnes \u00e0 mobilt\u00e9 r\u00e9duite.<\/p>\n<p>&nbsp;<\/p>\n<p align=\"justify\"><strong>Distance des plantations :<\/strong><\/p>\n<p align=\"justify\">Les distances de plantation \u00e9nonc\u00e9es par l\u2019article 671 du Code civil sont les suivantes :<\/p>\n<p align=\"justify\">\u00a0 \u00a0 . Les arbres, dont la hauteur est sup\u00e9rieure \u00e0 2 m\u00e8tres doivent \u00eatre plant\u00e9s \u00e0 une distance minimum de 2 m\u00e8tres de la propri\u00e9t\u00e9 voisine.<\/p>\n<p align=\"justify\">\u00a0 \u00a0 . Les arbres ou arbustes dont la hauteur est inf\u00e9rieure \u00e0 2 m\u00e8tres doivent \u00eatre plant\u00e9s \u00e0 une distance minimum de 0,5 m\u00e8tre de la propri\u00e9t\u00e9 voisine.<\/p>\n<p>&nbsp;<\/p>\n<p align=\"justify\"><strong>Contr\u00f4le de la qualit\u00e9 de l&rsquo;eau :<\/strong><\/p>\n<p align=\"justify\">En France, l\u2019eau du robinet est l\u2019un des aliments les plus contr\u00f4l\u00e9s. Elle fait l\u2019objet d\u2019un suivi sanitaire permanent, destin\u00e9 \u00e0 en garantir la s\u00e9curit\u00e9 sanitaire.<\/p>\n<p align=\"justify\">Ce dossier vous permet d\u2019acc\u00e9der directement aux principaux r\u00e9sultats du contr\u00f4le sanitaire r\u00e9alis\u00e9 par les agences r\u00e9gionales de sant\u00e9.<\/p>\n<p align=\"justify\">Consultez <a href=\"https:\/\/solidarites-sante.gouv.fr\/sante-et-environnement\/eaux\/eau\">ce lien<\/a> pour acc\u00e9der aux r\u00e9sultats de la qualit\u00e9 de l&rsquo;eau potable dans votre ville<\/p>\n<\/div>\n<\/div>\n<p>[\/vc_column_text][\/vc_column][\/vc_row]<\/p>\n<\/div>","protected":false},"excerpt":{"rendered":"<p>[vc_row][vc_column][vc_column_text] La collecte des d\u00e9chets m\u00e9nagers, recyclables et verts : Ce service est assur\u00e9 par la Communaut\u00e9 de Coeur d&rsquo;Ostrevent. Un num\u00e9ro vert est disponible pour r\u00e9pondre \u00e0 toutes demandes&#8230; <a href=\"http:\/\/commune-loffre.fr\/index.php\/vie-du-village\/infos-pratiques\/\">Read more &raquo;<\/a><\/p>\n","protected":false},"author":1,"featured_media":0,"parent":47,"menu_order":0,"comment_status":"closed","ping_status":"closed","template":"page-templates\/full-width.php","meta":{"footnotes":""},"_links":{"self":[{"href":"http:\/\/commune-loffre.fr\/index.php\/wp-json\/wp\/v2\/pages\/56"}],"collection":[{"href":"http:\/\/commune-loffre.fr\/index.php\/wp-json\/wp\/v2\/pages"}],"about":[{"href":"http:\/\/commune-loffre.fr\/index.php\/wp-json\/wp\/v2\/types\/page"}],"author":[{"embeddable":true,"href":"http:\/\/commune-loffre.fr\/index.php\/wp-json\/wp\/v2\/users\/1"}],"replies":[{"embeddable":true,"href":"http:\/\/commune-loffre.fr\/index.php\/wp-json\/wp\/v2\/comments?post=56"}],"version-history":[{"count":9,"href":"http:\/\/commune-loffre.fr\/index.php\/wp-json\/wp\/v2\/pages\/56\/revisions"}],"predecessor-version":[{"id":6493,"href":"http:\/\/commune-loffre.fr\/index.php\/wp-json\/wp\/v2\/pages\/56\/revisions\/6493"}],"up":[{"embeddable":true,"href":"http:\/\/commune-loffre.fr\/index.php\/wp-json\/wp\/v2\/pages\/47"}],"wp:attachment":[{"href":"http:\/\/commune-loffre.fr\/index.php\/wp-json\/wp\/v2\/media?parent=56"}],"curies":[{"name":"wp","href":"https:\/\/api.w.org\/{rel}","templated":true}]}}